{"id":41,"date":"2020-02-25T22:48:59","date_gmt":"2020-02-26T03:48:59","guid":{"rendered":"http:\/\/cerm.uqac.ca\/morganegigoux\/?page_id=41"},"modified":"2020-05-11T18:08:03","modified_gmt":"2020-05-11T22:08:03","slug":"projet","status":"publish","type":"page","link":"https:\/\/cerm.uqac.ca\/morganegigoux\/projet\/","title":{"rendered":"Projet"},"content":{"rendered":"<h1>RECHERCHE<\/h1>\n<h3>Th\u00e9matiques g\u00e9n\u00e9rales de recherches actuelles<\/h3>\n<p>G\u00e9ochimie des intrusions felsiques \u00e0 interm\u00e9diaires (Abitibi, Baie-James, Nunavut)<\/p>\n<p>Classification des plutons, leurs typologies et les environnements favorables associ\u00e9s pour l&rsquo;exploration (Au, m\u00e9taux de base et autres substances plus exotiques)<\/p>\n<h3>Th\u00e9matiques g\u00e9n\u00e9rales de recherches pass\u00e9es<\/h3>\n<p>Diagen\u00e8se et s\u00e9dimentologie des r\u00e9servoirs carbonat\u00e9s<\/p>\n<p>Min\u00e9ralisations de fluorine (CaF2), gisements stratiformes et filoniens (Bassin de Paris, Morvan, France)<\/p>\n","protected":false},"excerpt":{"rendered":"<p>RECHERCHE Th\u00e9matiques g\u00e9n\u00e9rales de recherches actuelles G\u00e9ochimie des intrusions felsiques \u00e0 interm\u00e9diaires (Abitibi, Baie-James, Nunavut) Classification des plutons, leurs typologies et les environnements favorables associ\u00e9s pour l&rsquo;exploration (Au, m\u00e9taux de base et autres substances plus exotiques) Th\u00e9matiques g\u00e9n\u00e9rales de recherches pass\u00e9es Diagen\u00e8se et s\u00e9dimentologie des r\u00e9servoirs carbonat\u00e9s Min\u00e9ralisations de fluorine (CaF2), gisements stratiformes et filoniens &hellip; <a href=\"https:\/\/cerm.uqac.ca\/morganegigoux\/projet\/\" class=\"more-link\">Continuer la lecture de <span class=\"screen-reader-text\">Projet<\/span>  <span class=\"meta-nav\">&rarr;<\/span><\/a><\/p>\n","protected":false},"author":4,"featured_media":0,"parent":0,"menu_order":0,"comment_status":"closed","ping_status":"closed","template":"","meta":{"footnotes":""},"_links":{"self":[{"href":"https:\/\/cerm.uqac.ca\/morganegigoux\/wp-json\/wp\/v2\/pages\/41"}],"collection":[{"href":"https:\/\/cerm.uqac.ca\/morganegigoux\/wp-json\/wp\/v2\/pages"}],"about":[{"href":"https:\/\/cerm.uqac.ca\/morganegigoux\/wp-json\/wp\/v2\/types\/page"}],"author":[{"embeddable":true,"href":"https:\/\/cerm.uqac.ca\/morganegigoux\/wp-json\/wp\/v2\/users\/4"}],"replies":[{"embeddable":true,"href":"https:\/\/cerm.uqac.ca\/morganegigoux\/wp-json\/wp\/v2\/comments?post=41"}],"version-history":[{"count":9,"href":"https:\/\/cerm.uqac.ca\/morganegigoux\/wp-json\/wp\/v2\/pages\/41\/revisions"}],"predecessor-version":[{"id":93,"href":"https:\/\/cerm.uqac.ca\/morganegigoux\/wp-json\/wp\/v2\/pages\/41\/revisions\/93"}],"wp:attachment":[{"href":"https:\/\/cerm.uqac.ca\/morganegigoux\/wp-json\/wp\/v2\/media?parent=41"}],"curies":[{"name":"wp","href":"https:\/\/api.w.org\/{rel}","templated":true}]}}