{"id":76,"date":"2020-05-11T16:47:11","date_gmt":"2020-05-11T20:47:11","guid":{"rendered":"http:\/\/cerm.uqac.ca\/morganegigoux\/?page_id=76"},"modified":"2020-05-11T17:12:59","modified_gmt":"2020-05-11T21:12:59","slug":"curriculum-vitae","status":"publish","type":"page","link":"https:\/\/cerm.uqac.ca\/morganegigoux\/curriculum-vitae\/","title":{"rendered":"Curriculum Vitae"},"content":{"rendered":"<p><em><strong>Formation acad\u00e9mique<\/strong><\/em><\/p>\n<p>Doctorat de G\u00e9ologie, Universit\u00e9 Paris-Sud, Orsay, France, 2015<\/p>\n<p>Master de G\u00e9ologie, Universit\u00e9 de Bourgogne, Dijon, France, 2011<\/p>\n<p>Licence de G\u00e9ologie, Universit\u00e9 de Bourgogne, Dijon, France, 2009<\/p>\n<p><em><strong>Exp\u00e9rience professionnelle<\/strong><\/em><\/p>\n<p>Depuis mars 2017, chercheure au Consorem (UQAC\/UQAM, Canada)<\/p>\n<p>Oct.-D\u00e9c. 2016, chercheure invit\u00e9e, Universit\u00e9 du Qu\u00e9bec \u00e0 Montr\u00e9al (UQAM, Canada),<\/p>\n<p>2011-2015, \u00a0Projet de recherche en collaboration avec le BRGM (Orl\u00e9ans, France)<\/p>\n<p>2010-2011, \u00a0Projet de recherche en collaboration avec l\u2019ANDRA (Agence Nationale pour la gestion des D\u00e9chets RAdioactifs, Bure, France)<\/p>\n<p><em><strong>Exp\u00e9rience p\u00e9dagogique<\/strong><\/em><\/p>\n<p>Co-encadrement de projet de Master, Universit\u00e9 Paris-Sud (Orsay, France):<\/p>\n<p>Projet: Min\u00e9ralisations de sulfures dans les Gr\u00e8s de Chaunoy \u00e0 2000 m de profondeur (Trias, centre du Bassin de Paris, Evry), Vincent Deliancourt, 2014.<\/p>\n<p>Projet: Reconstruction de la nature des fluides (salinit\u00e9 et temperature) \u00e0 l\u2019origine des min\u00e9ralisations de fluorine et quartz des gisements stratiformes du Morvan, Emilie Plottu, 2013.<\/p>\n<p>Projet: Conditions de precipitation de la fluorine dans le gisement de Pierre-Perthuis, Blandine Nguegang Kamwa, 2012.<\/p>\n","protected":false},"excerpt":{"rendered":"<p>Formation acad\u00e9mique Doctorat de G\u00e9ologie, Universit\u00e9 Paris-Sud, Orsay, France, 2015 Master de G\u00e9ologie, Universit\u00e9 de Bourgogne, Dijon, France, 2011 Licence de G\u00e9ologie, Universit\u00e9 de Bourgogne, Dijon, France, 2009 Exp\u00e9rience professionnelle Depuis mars 2017, chercheure au Consorem (UQAC\/UQAM, Canada) Oct.-D\u00e9c. 2016, chercheure invit\u00e9e, Universit\u00e9 du Qu\u00e9bec \u00e0 Montr\u00e9al (UQAM, Canada), 2011-2015, \u00a0Projet de recherche en collaboration &hellip; <a href=\"https:\/\/cerm.uqac.ca\/morganegigoux\/curriculum-vitae\/\" class=\"more-link\">Continuer la lecture de <span class=\"screen-reader-text\">Curriculum Vitae<\/span>  <span class=\"meta-nav\">&rarr;<\/span><\/a><\/p>\n","protected":false},"author":14,"featured_media":0,"parent":0,"menu_order":0,"comment_status":"closed","ping_status":"closed","template":"","meta":{"footnotes":""},"_links":{"self":[{"href":"https:\/\/cerm.uqac.ca\/morganegigoux\/wp-json\/wp\/v2\/pages\/76"}],"collection":[{"href":"https:\/\/cerm.uqac.ca\/morganegigoux\/wp-json\/wp\/v2\/pages"}],"about":[{"href":"https:\/\/cerm.uqac.ca\/morganegigoux\/wp-json\/wp\/v2\/types\/page"}],"author":[{"embeddable":true,"href":"https:\/\/cerm.uqac.ca\/morganegigoux\/wp-json\/wp\/v2\/users\/14"}],"replies":[{"embeddable":true,"href":"https:\/\/cerm.uqac.ca\/morganegigoux\/wp-json\/wp\/v2\/comments?post=76"}],"version-history":[{"count":3,"href":"https:\/\/cerm.uqac.ca\/morganegigoux\/wp-json\/wp\/v2\/pages\/76\/revisions"}],"predecessor-version":[{"id":81,"href":"https:\/\/cerm.uqac.ca\/morganegigoux\/wp-json\/wp\/v2\/pages\/76\/revisions\/81"}],"wp:attachment":[{"href":"https:\/\/cerm.uqac.ca\/morganegigoux\/wp-json\/wp\/v2\/media?parent=76"}],"curies":[{"name":"wp","href":"https:\/\/api.w.org\/{rel}","templated":true}]}}