{"id":7,"date":"2019-08-23T10:24:02","date_gmt":"2019-08-23T14:24:02","guid":{"rendered":"http:\/\/cerm.uqac.ca\/gabarit\/?page_id=7"},"modified":"2022-12-09T13:14:07","modified_gmt":"2022-12-09T18:14:07","slug":"accueil","status":"publish","type":"page","link":"https:\/\/cerm.uqac.ca\/paces\/","title":{"rendered":"PACES-UQAC"},"content":{"rendered":"<p><img loading=\"lazy\" decoding=\"async\" class=\"alignnone wp-image-57\" src=\"https:\/\/cerm-temp.uqac.ca\/paces\/wp-content\/uploads\/sites\/5\/2022\/06\/top_main_v8-300x78.png\" alt=\"\" width=\"261\" height=\"75\" \/><\/p>\n<p>L\u2019eau souterraine est une ressource inestimable de plus en plus sollicit\u00e9e nous obligeant \u00e0 des efforts de protection et de gestion durable, ceci pour assurer l\u2019approvisionnement des g\u00e9n\u00e9rations futures. Conscient des enjeux pour les d\u00e9cideurs r\u00e9gionaux, le minist\u00e8re du D\u00e9veloppement durable, de l\u2019Environnement et des Parcs (MDDEP) a mis en place un Programme d\u2019acquisition de connaissances sur les eaux souterraines (PACES) afin d\u2019am\u00e9liorer les connaissances de cette ressource dans les territoires municipalis\u00e9s pour en assurer la protection et la p\u00e9rennit\u00e9.<\/p>\n<p><a href=\"https:\/\/cerm-temp.uqac.ca\/paces\/saguenay-lac-saint-jean\/\">PACES-SLSJ (Saguenay-Lac-Saint-Jean)<\/a><\/p>\n<p><a href=\"https:\/\/cerm-temp.uqac.ca\/paces\/charlevoix-haute-cote-nord\/\">PACES-CHCN (Charlevoix &#8211; Haute-C\u00f4te-Nord)<\/a><\/p>\n<p><a href=\"https:\/\/cerm-temp.uqac.ca\/paces\/lanaudiere-mauricie-est-moyenne-cote-nord\/\">PACES-LAMEMCN (Lanaudi\u00e8re &#8211; Mauricie-Est &#8211; Moyenne-C\u00f4te-Nord)<\/a><\/p>\n<p>&nbsp;<\/p>\n","protected":false},"excerpt":{"rendered":"<p>L\u2019eau souterraine est une ressource inestimable de plus en plus sollicit\u00e9e nous obligeant \u00e0 des efforts de protection et de gestion durable, ceci pour assurer l\u2019approvisionnement des g\u00e9n\u00e9rations futures. Conscient des enjeux pour les d\u00e9cideurs r\u00e9gionaux, le minist\u00e8re du D\u00e9veloppement durable, de l\u2019Environnement et des Parcs (MDDEP) a mis en place un Programme d\u2019acquisition de &hellip; <a href=\"https:\/\/cerm.uqac.ca\/paces\/\" class=\"more-link\">Continuer la lecture de <span class=\"screen-reader-text\">PACES-UQAC<\/span>  <span class=\"meta-nav\">&rarr;<\/span><\/a><\/p>\n","protected":false},"author":4,"featured_media":0,"parent":0,"menu_order":0,"comment_status":"closed","ping_status":"closed","template":"","meta":{"footnotes":""},"_links":{"self":[{"href":"https:\/\/cerm.uqac.ca\/paces\/wp-json\/wp\/v2\/pages\/7"}],"collection":[{"href":"https:\/\/cerm.uqac.ca\/paces\/wp-json\/wp\/v2\/pages"}],"about":[{"href":"https:\/\/cerm.uqac.ca\/paces\/wp-json\/wp\/v2\/types\/page"}],"author":[{"embeddable":true,"href":"https:\/\/cerm.uqac.ca\/paces\/wp-json\/wp\/v2\/users\/4"}],"replies":[{"embeddable":true,"href":"https:\/\/cerm.uqac.ca\/paces\/wp-json\/wp\/v2\/comments?post=7"}],"version-history":[{"count":13,"href":"https:\/\/cerm.uqac.ca\/paces\/wp-json\/wp\/v2\/pages\/7\/revisions"}],"predecessor-version":[{"id":247,"href":"https:\/\/cerm.uqac.ca\/paces\/wp-json\/wp\/v2\/pages\/7\/revisions\/247"}],"wp:attachment":[{"href":"https:\/\/cerm.uqac.ca\/paces\/wp-json\/wp\/v2\/media?parent=7"}],"curies":[{"name":"wp","href":"https:\/\/api.w.org\/{rel}","templated":true}]}}