{"id":163,"date":"2019-10-10T16:02:32","date_gmt":"2019-10-10T20:02:32","guid":{"rendered":"http:\/\/cerm.uqac.ca\/trcm\/?page_id=163"},"modified":"2026-01-21T15:29:16","modified_gmt":"2026-01-21T20:29:16","slug":"actualites-et-infolettre","status":"publish","type":"page","link":"https:\/\/cerm.uqac.ca\/trcm\/actualites-et-infolettre\/","title":{"rendered":"Infolettre -TRCM"},"content":{"rendered":"<h3 style=\"text-align: justify\">Infolettre de la TRCM<\/h3>\n<p>&nbsp;<\/p>\n<p>La TRCM ne produit plus d&rsquo;infolettres, mais voici les derni\u00e8res qui ont \u00e9t\u00e9 produites :<\/p>\n<p><a href=\"https:\/\/cerm.uqac.ca\/trcm\/wp-content\/uploads\/sites\/4\/2023\/12\/INFOLETTRE_TRCM_d\u00e9cembre_2023_Final.pdf\" target=\"_blank\" rel=\"noopener\">Infolettre d\u00e9cembre 2023<\/a><\/p>\n<p><a href=\"https:\/\/cerm.uqac.ca\/trcm\/wp-content\/uploads\/sites\/4\/2022\/10\/INFOLETTRE_TRCM_Octobre2022.pdf\" target=\"_blank\" rel=\"noopener\">Infolettre octobre 2022<\/a><\/p>\n<p><a href=\"https:\/\/cerm.uqac.ca\/trcm\/wp-content\/uploads\/sites\/4\/2021\/09\/INFOLETTRE_SEPT2021.pdf\">Infolettre septembre 2021<\/a><\/p>\n<p><a href=\"https:\/\/cerm.uqac.ca\/trcm\/wp-content\/uploads\/sites\/4\/2021\/10\/INFOLETTRE_TRCM_MAI2021_FINAL.pdf\">Infolettre mai 2021<\/a><\/p>\n<p><a href=\"https:\/\/cerm.uqac.ca\/trcm\/wp-content\/uploads\/sites\/4\/2020\/12\/Infolettre-TRCM_15decembre2020.pdf\">Infolettre d\u00e9cembre 2020<\/a><\/p>\n<p><a href=\"https:\/\/cerm.uqac.ca\/trcm\/wp-content\/uploads\/sites\/4\/2020\/10\/Infolettre-TRCM_septembre2020.pdf\" target=\"_blank\" rel=\"noopener\">Infolettre septembre 2020<\/a><\/p>\n<p><a href=\"https:\/\/cerm.uqac.ca\/trcm\/wp-content\/uploads\/sites\/4\/2020\/05\/Infolettre_mai2020.pdf\">Infolettre mai 2020<\/a><\/p>\n<p><a href=\"https:\/\/cerm.uqac.ca\/trcm\/wp-content\/uploads\/sites\/4\/2019\/12\/INFOLETTRE-TRCM-D\u00c9CEMBRE-2019_1.pdf\" target=\"_blank\" rel=\"noopener\">Infolettre d\u00e9cembre 2019<\/a><\/p>\n<p>&nbsp;<\/p>\n<h3><\/h3>\n<p>&nbsp;<\/p>\n","protected":false},"excerpt":{"rendered":"<p>Infolettre de la TRCM &nbsp; La TRCM ne produit plus d&rsquo;infolettres, mais voici les derni\u00e8res qui ont \u00e9t\u00e9 produites : Infolettre d\u00e9cembre 2023 Infolettre octobre 2022 Infolettre septembre 2021 Infolettre mai 2021 Infolettre d\u00e9cembre 2020 Infolettre septembre 2020 Infolettre mai 2020 Infolettre d\u00e9cembre 2019 &nbsp; &nbsp;<\/p>\n","protected":false},"author":8,"featured_media":0,"parent":0,"menu_order":0,"comment_status":"closed","ping_status":"closed","template":"","meta":{"footnotes":""},"_links":{"self":[{"href":"https:\/\/cerm.uqac.ca\/trcm\/wp-json\/wp\/v2\/pages\/163"}],"collection":[{"href":"https:\/\/cerm.uqac.ca\/trcm\/wp-json\/wp\/v2\/pages"}],"about":[{"href":"https:\/\/cerm.uqac.ca\/trcm\/wp-json\/wp\/v2\/types\/page"}],"author":[{"embeddable":true,"href":"https:\/\/cerm.uqac.ca\/trcm\/wp-json\/wp\/v2\/users\/8"}],"replies":[{"embeddable":true,"href":"https:\/\/cerm.uqac.ca\/trcm\/wp-json\/wp\/v2\/comments?post=163"}],"version-history":[{"count":33,"href":"https:\/\/cerm.uqac.ca\/trcm\/wp-json\/wp\/v2\/pages\/163\/revisions"}],"predecessor-version":[{"id":935,"href":"https:\/\/cerm.uqac.ca\/trcm\/wp-json\/wp\/v2\/pages\/163\/revisions\/935"}],"wp:attachment":[{"href":"https:\/\/cerm.uqac.ca\/trcm\/wp-json\/wp\/v2\/media?parent=163"}],"curies":[{"name":"wp","href":"https:\/\/api.w.org\/{rel}","templated":true}]}}