{"id":412,"date":"2020-05-03T16:54:46","date_gmt":"2020-05-03T20:54:46","guid":{"rendered":"http:\/\/cerm.uqac.ca\/trcm\/?page_id=412"},"modified":"2026-01-21T15:13:07","modified_gmt":"2026-01-21T20:13:07","slug":"documents","status":"publish","type":"page","link":"https:\/\/cerm.uqac.ca\/trcm\/documents\/","title":{"rendered":"Documents"},"content":{"rendered":"<h3>Rapports d&rsquo;activit\u00e9<\/h3>\n<p>&nbsp;<\/p>\n<p><a href=\"https:\/\/cerm.uqac.ca\/trcm\/wp-content\/uploads\/sites\/4\/2026\/01\/2024-2025_RAPPORT_TRCM.pdf\">Rapport d&rsquo;activit\u00e9 2024-2025<\/a><\/p>\n<p><a href=\"https:\/\/cerm.uqac.ca\/trcm\/wp-content\/uploads\/sites\/4\/2026\/01\/2023-2024_RAPPORT_TRCM.pdf\">Rapport d&rsquo;activit\u00e9 2023-2024<\/a><\/p>\n<p><a href=\"https:\/\/cerm.uqac.ca\/trcm\/wp-content\/uploads\/sites\/4\/2026\/01\/2022-23_RAP_TRCM_MEIE.pdf\">Rapport d&rsquo;activit\u00e9 2022-2023<\/a><\/p>\n<p><a href=\"https:\/\/cerm.uqac.ca\/trcm\/wp-content\/uploads\/sites\/4\/2023\/09\/Rapport_final_TRCM_2020-2021.pdf\" target=\"_blank\" rel=\"noopener\">Rapport d&rsquo;activit\u00e9 2020-2021<\/a><\/p>\n<p><a href=\"https:\/\/cerm.uqac.ca\/trcm\/wp-content\/uploads\/sites\/4\/2020\/08\/Rapport_e\u0301tape_TRCM_2019-2020_FINAL.pdf\" target=\"_blank\" rel=\"noopener\">Rapport d&rsquo;activit\u00e9 2019-2020<\/a><\/p>\n<p><a href=\"https:\/\/cerm.uqac.ca\/trcm\/wp-content\/uploads\/sites\/4\/2019\/10\/Rapport_\u00e9tape_TRCM_2018-2019c.pdf\" target=\"_blank\" rel=\"noopener\">Rapport d&rsquo;activit\u00e9 2018-2019<\/a><\/p>\n<h3>Valorisation g\u00e9om\u00e9tallurgique des indices de min\u00e9raux critiques et strat\u00e9giques au SLSJ<\/h3>\n<p>La g\u00e9om\u00e9tallurgie vise \u00e0 combiner les donn\u00e9es de la g\u00e9ologie, de l\u2019exploitation mini\u00e8re, du traitement de minerai et de la gestion environnementale <b>pour d\u00e9velopper un mod\u00e8le pr\u00e9dictif de la performance des op\u00e9rations mini\u00e8res.<\/b><\/p>\n<p>Rapport final du projet 2022-2023<\/p>\n<p><a href=\"https:\/\/cerm.uqac.ca\/trcm\/wp-content\/uploads\/sites\/4\/2023\/09\/2022-23_RAP_TRCM_MAMAH.pdf\" target=\"_blank\" rel=\"noopener\">T\u00e9l\u00e9charger le Rapport final ici<\/a><\/p>\n<p>Pr\u00e9sentation de St\u00e9phanie Lavaure dans le cadre d&rsquo;une pr\u00e9sentation \u00e0 l&rsquo;Association des prospecteurs du SLSJ &#8211; 1er d\u00e9cembre 2022<\/p>\n<p><a href=\"https:\/\/cerm.uqac.ca\/trcm\/wp-content\/uploads\/sites\/4\/2022\/12\/TRCM_Geometallurgie_SLavaure2022.pdf\" target=\"_blank\" rel=\"noopener\">T\u00e9l\u00e9charger la pr\u00e9sentation ici\u00a0<\/a><\/p>\n<h3>Analyse d&rsquo;\u00e9chantillons de roche 2018-2020<\/h3>\n<p>Une couche d\u2019information portant sur 148 nouvelles analyses d\u2019\u00e9chantillons de roche est maintenant disponible sur le site de la carte routi\u00e8re min\u00e9rale. Ces analyses, dont les co\u00fbts ont \u00e9t\u00e9 assum\u00e9s par la TRCM, proviennent d\u2019une cinquantaine de projets valoris\u00e9s par les prospecteurs de la r\u00e9gion lors des travaux de terrain de 2018 \u00e0 2020. Ces travaux ont permis d\u2019identifier plusieurs nouveaux indices et valeurs anomales soulignant l\u2019apport essentiel des prospecteurs pour la mise en valeur du potentiel de la r\u00e9gion.<\/p>\n<p>Le fichier complet des analyses sous forme de tableur Excel est \u00e9galement disponible pour t\u00e9l\u00e9chargement :\u00a0<a href=\"https:\/\/cerm.uqac.ca\/trcm\/wp-content\/uploads\/sites\/4\/2021\/09\/Analyses_roches_2018-2020_TRCM_FINAL.xlsx\">Tableur Excel<\/a><\/p>\n<h3>Projet sp\u00e9cial TRCM<\/h3>\n<p><a href=\"https:\/\/cerm.uqac.ca\/trcm\/wp-content\/uploads\/sites\/4\/2020\/09\/Rapport_TRCM_Sediments_fondlac_2019_FINAL.pdf\" target=\"_blank\" rel=\"noopener\"><em>Lavoie, J. (2020). <\/em><em>Identification de cibles d\u2019exploration par la g\u00e9ochimie de s\u00e9diments de fond de lac de la r\u00e9gion du Saguenay-Lac-Saint-Jean<\/em><em>. Projet sp\u00e9cial CONSOREM-TRCM <\/em>2019,\u00a0<em>68 pages<\/em>.<\/a><\/p>\n<table id=\"results\" class=\"table table-striped table-bordered table-sm table-hover dataTable no-footer\" role=\"grid\">\n<tbody>\n<tr class=\"odd\" role=\"row\">\n<td><a href=\"https:\/\/consorem2.uqac.ca\/Anomalies_Residuelles_Centile_SedLac_5contextes_TRCM_SLSJ_2019.xls\">Fichier Excel des anomalies r\u00e9siduelles de s\u00e9diments de fonds de lacs calcul\u00e9s dans le cadre du projet sp\u00e9cial TRCM-CONSOREM 2019.<\/a><\/p>\n<p><a href=\"https:\/\/consorem2.uqac.ca\/Anomalies_residuelles_SedLac_contextes_2019.zip\">Fichiers shapefiles des Anomalies residuelles des s\u00e9diments de fond de lac selon 5 contextes m\u00e9tallog\u00e9nique &#8211; r\u00e9gion du Saguenay-Lac-Saint-Jean (02)<\/a><\/p>\n<p><a href=\"https:\/\/cerm.uqac.ca\/trcm\/wp-content\/uploads\/sites\/4\/2020\/12\/Anomalies_residuelles_principes_Jerome_Lavoie_2020.pdf\">Pr\u00e9sentation PowerPoint anomalies r\u00e9siduelles_J.Lavoie_2020<\/a><\/td>\n<\/tr>\n<\/tbody>\n<\/table>\n<h3>Anomalies r\u00e9siduelles nickel (information compl\u00e9mentaire)<\/h3>\n<p>2005-03 : Identification de domaines g\u00e9ochimiques \u00e0 partir des lev\u00e9s r\u00e9gionaux de s\u00e9diments de fond de lac &#8211; Phase2 par Sylvain Tr\u00e9panier<\/p>\n<p><a href=\"https:\/\/consorem2.uqac.ca\/production_scientifique\/2005_03\/2005_03_DomainesG%C3%A9och2.pdf\">Rapport scientifique du CONSOREM \u00e0 consulter<\/a><\/p>\n<h3>Documents sur le potentiel min\u00e9ral r\u00e9gional<\/h3>\n<p><a href=\"https:\/\/cerm.uqac.ca\/trcm\/wp-content\/uploads\/sites\/4\/2019\/10\/Carte-minerale-Sag_lac.pdf\" target=\"_blank\" rel=\"noopener\">Carte g\u00e9ologique du Saguenay\u2013Lac-Saint-Jean (TRCM, 2016)<\/a><\/p>\n<h3><\/h3>\n","protected":false},"excerpt":{"rendered":"<p>Rapports d&rsquo;activit\u00e9 &nbsp; Rapport d&rsquo;activit\u00e9 2024-2025 Rapport d&rsquo;activit\u00e9 2023-2024 Rapport d&rsquo;activit\u00e9 2022-2023 Rapport d&rsquo;activit\u00e9 2020-2021 Rapport d&rsquo;activit\u00e9 2019-2020 Rapport d&rsquo;activit\u00e9 2018-2019 Valorisation g\u00e9om\u00e9tallurgique des indices de min\u00e9raux critiques et strat\u00e9giques au SLSJ La g\u00e9om\u00e9tallurgie vise \u00e0 combiner les donn\u00e9es de la g\u00e9ologie, de l\u2019exploitation mini\u00e8re, du traitement de minerai et de la gestion environnementale pour &hellip; <a href=\"https:\/\/cerm.uqac.ca\/trcm\/documents\/\" class=\"more-link\">Continuer la lecture de <span class=\"screen-reader-text\">Documents<\/span>  <span class=\"meta-nav\">&rarr;<\/span><\/a><\/p>\n","protected":false},"author":3,"featured_media":430,"parent":0,"menu_order":0,"comment_status":"closed","ping_status":"closed","template":"","meta":{"footnotes":""},"_links":{"self":[{"href":"https:\/\/cerm.uqac.ca\/trcm\/wp-json\/wp\/v2\/pages\/412"}],"collection":[{"href":"https:\/\/cerm.uqac.ca\/trcm\/wp-json\/wp\/v2\/pages"}],"about":[{"href":"https:\/\/cerm.uqac.ca\/trcm\/wp-json\/wp\/v2\/types\/page"}],"author":[{"embeddable":true,"href":"https:\/\/cerm.uqac.ca\/trcm\/wp-json\/wp\/v2\/users\/3"}],"replies":[{"embeddable":true,"href":"https:\/\/cerm.uqac.ca\/trcm\/wp-json\/wp\/v2\/comments?post=412"}],"version-history":[{"count":22,"href":"https:\/\/cerm.uqac.ca\/trcm\/wp-json\/wp\/v2\/pages\/412\/revisions"}],"predecessor-version":[{"id":929,"href":"https:\/\/cerm.uqac.ca\/trcm\/wp-json\/wp\/v2\/pages\/412\/revisions\/929"}],"wp:featuredmedia":[{"embeddable":true,"href":"https:\/\/cerm.uqac.ca\/trcm\/wp-json\/wp\/v2\/media\/430"}],"wp:attachment":[{"href":"https:\/\/cerm.uqac.ca\/trcm\/wp-json\/wp\/v2\/media?parent=412"}],"curies":[{"name":"wp","href":"https:\/\/api.w.org\/{rel}","templated":true}]}}